he greatest common divisor of 157740 and 176?
44
What is the greatest common factor of 92938 and 62?
62
What is the highest common factor of 15 and 87060?
15
What is the greatest common divisor of 3288 and 8631?
411
What is the greatest common divisor of 3014 and 2723012?
274
Calculate the highest common divisor of 5740 and 3115.
35
What is the greatest common divisor of 2893 and 2101?
11
What is the highest common factor of 3878 and 10108?
14
Calculate the highest common divisor of 1975 and 44161.
79
What is the highest common factor of 11849880 and 210?
210
What is the highest common factor of 94 and 3676622?
94
What is the highest common divisor of 392 and 2178638?
98
What is the greatest common divisor of 65676 and 39?
39
Calculate the highest common factor of 60 and 18492.
12
What is the greatest common factor of 184 and 3089084?
92
Calculate the highest common divisor of 175 and 80900.
25
What is the highest common factor of 1012 and 429847?
253
Calculate the greatest common factor of 2159 and 2921.
127
Calculate the highest common factor of 2112 and 3968.
64
What is the highest common factor of 18 and 1179?
9
What is the greatest common factor of 47663 and 1617?
77
Calculate the highest common factor of 9191 and 77972.
101
What is the highest common divisor of 996 and 4947132?
996
What is the greatest common factor of 28561 and 12168?
169
Calculate the greatest common factor of 317996 and 1394.
82
Calculate the greatest common divisor of 1479 and 527.
17
Calculate the highest common factor of 4 and 1421.
1
Calculate the greatest common divisor of 316 and 41001.
79
Calculate the greatest common factor of 1802 and 5134.
34
What is the highest common divisor of 5976 and 72?
72
Calculate the highest common factor of 12 and 30588.
12
Calculate the greatest common divisor of 83 and 648479.
83
Calculate the highest common factor of 14410 and 22660.
110
Calculate the greatest common factor of 1449 and 34083.
63
What is the highest common divisor of 40320 and 345?
15
What is the greatest common divisor of 129 and 979712?
43
Calculate the greatest common divisor of 6984 and 5544.
72
What is the highest common divisor of 18811 and 208?
13
Calculate the greatest common divisor of 47586 and 3234.
462
Calculate the highest common factor of 35717 and 2805.
187
What is the highest common factor of 88 and 79662?
22
What is the highest common factor of 5119747 and 1537?
1537
What is the greatest common divisor of 111 and 143079?
111
What is the greatest common factor of 2720 and 960?
160
What is the greatest common factor of 381922 and 47?
47
What is the highest common factor of 7917 and 6?
3
Calculate the highest common divisor of 126720 and 38610.
990
Calculate the highest common factor of 167097 and 26705.
763
What is the highest common divisor of 734 and 290297?
367
Calculate the greatest common divisor of 9841 and 507.
13
What is the greatest common factor of 7080 and 1215?
15
Calculate the highest common factor of 429859 and 6135.
409
Calculate the greatest common factor of 7504 and 2408.
56
What is the greatest common divisor of 979 and 3773?
11
What is the highest common factor of 79 and 20216653?
79
What is the highest common factor of 64 and 496352?
32
What is the highest common divisor of 268755 and 4209?
69
What is the highest common divisor of 710669 and 67?
67
What is the greatest common factor of 177255 and 45?
45
Calculate the highest common factor of 2476 and 6.
2
What is the highest common factor of 564 and 43236?
12
Calculate the highest common factor of 7296 and 152.
152
What is the highest common factor of 14 and 3105242?
14
Calculate the greatest common factor of 134190 and 10.
10
Calculate the highest common factor of 544 and 12257.
17
What is the greatest common divisor of 20577 and 7809?
57
Calculate the greatest common divisor of 1030 and 970.
10
What is the greatest common factor of 53364 and 48?
12
Calculate the greatest common factor of 1361210 and 310.
310
What is the greatest common divisor of 23287 and 77?
11
Calculate the highest common factor of 4452 and 182.
14
Calculate the highest common factor of 157158 and 90.
18
What is the greatest common divisor of 168 and 214872?
168
Calculate the greatest common factor of 2856 and 27438.
102
Calculate the greatest common divisor of 111946 and 1784.
446
Calculate the greatest common divisor of 194 and 73526.
194
What is the highest common divisor of 582 and 15587706?
582
Calculate the greatest common divisor of 3574717 and 19.
19
Calculate the greatest common factor of 117429 and 52.
13
What is the highest common factor of 11339 and 459?
17
What is the highest common divisor of 650 and 239850?
650
Calculate the highest common divisor of 425180 and 70.
70
Calculate the greatest common divisor of 39 and 6000969.
39
What is the highest common factor of 15372 and 1008?
252
What is the highest common divisor of 7 and 14479241?
7
What is the highest common factor of 136 and 29699?
17
What is the highest common factor of 1656830 and 35?
35
Calculate the greatest common divisor of 921910 and 2233.
319
Calculate the highest common factor of 100030 and 224.
14
What is the greatest common factor of 1240 and 2046992?
248
Calculate the highest common divisor of 95990 and 230.
10
Calculate the greatest common factor of 419 and 20.
1
Calculate the highest common factor of 66 and 22858.
22
Calculate the greatest common divisor of 10 and 3281655.
5
Calculate the highest common factor of 38 and 19399.
19
What is the highest common factor of 10428 and 11913?
33
What is the greatest common factor of 16220 and 620?
20
Calculate the highest common factor of 60 and 388695.
15
Calculate the greatest common factor of 300 and 3651.
3
Calculate the greatest common divisor of 308925 and 18.
9
Calculate the greatest common factor of 112 and 236789.
7
What is the greatest common factor of 10 and 179290?
10
Calculate the highest common divisor of 380 and 4140.
20
Calculate the highest common divisor of 6045 and 273.
39
What is the greatest common factor of 1808 and 86896?
16
What is the highest common factor of 132600 and 600?
600
Calculate the highest common divisor of 162134 and 518.
518
Calculate the highest common factor of 370 and 2560.
10
Calculate the highest common divisor of 59276 and 81200.
812
What is the greatest common factor of 50986 and 2444?
26
Calculate the highest common divisor of 767 and 25960.
59
What is the highest common factor of 7708 and 15228?
188
Calculate the highest common factor of 240 and 80170.
10
What is the highest common divisor of 2328 and 1830972?
1164
What is the highest common divisor of 10950 and 7446?
438
Calculate the greatest common divisor of 3049431 and 129.
129
What is the greatest common divisor of 15 and 146760?
15
Calculate the highest common factor of 19 and 650389.
19
What is the highest common factor of 315 and 1029?
21
Calculate the highest common factor of 32 and 33952.
32
What is the greatest common factor of 10 and 368440?
10
Calculate the greatest common factor of 1857762 and 27.
27
Calculate the greatest common factor of 4143933 and 828.
207
What is the highest common factor of 132640 and 1420?
20
What is the highest common factor of 534 and 2289258?
534
Calculate the greatest common factor of 264272 and 332.
332
Calculate the highest common divisor of 10855 and 65.
65
What is the greatest common divisor of 33294 and 53700?
1074
What is the greatest common divisor of 22707 and 58?
29
What is the greatest common divisor of 2627 and 2701?
37
Calculate the greatest common factor of 13 and 1047163.
13
Calculate the greatest common divisor of 390227 and 317.
317
Calculate the greatest common factor of 52605 and 25305.
105
Calculate the highest common divisor of 135206 and 134.
134
What is the highest common factor of 26 and 126971?
13
What is the greatest common divisor of 2388194 and 34?
34
Calculate the greatest common factor of 5728 and 2048.
32
What is the greatest common divisor of 702 and 2470?
26
What is the highest common divisor of 20837 and 5287?
311
What is the highest common factor of 75 and 30925?
25
Calculate the highest common factor of 65 and 91.
13
What is the greatest common factor of 4337472 and 246?
246
Calculate the greatest common